{"id":94,"date":"2024-10-29T17:19:19","date_gmt":"2024-10-29T17:19:19","guid":{"rendered":"https:\/\/universodopoker.com.br\/?page_id=94"},"modified":"2024-10-29T17:19:20","modified_gmt":"2024-10-29T17:19:20","slug":"a-fase-inicial-pos-flop","status":"publish","type":"page","link":"https:\/\/universodopoker.com.br\/index.php\/a-fase-inicial-pos-flop\/","title":{"rendered":"A Fase Inicial &#8211; P\u00f3s-Flop"},"content":{"rendered":"\n<p>O Flop \u00e9 um momento decisivo no Hold&#8217;em e as decis\u00f5es realmente importantes s\u00e3o tomadas aqui.<\/p>\n\n\n\n<figure class=\"wp-block-image\"><img decoding=\"async\" src=\"https:\/\/pokerstarslearn.com\/wp-content\/uploads\/2020\/11\/EPT11DEA_chips_8501_JulesPochy-scaled-1.jpg\" alt=\"\"\/><\/figure>\n\n\n\n<p>Tal como o jogo pr\u00e9-flop, o jogo p\u00f3s-flop tamb\u00e9m \u00e9 muito tight. Em geral, podemos seguir as recomenda\u00e7\u00f5es b\u00e1sicas feitas em cursos anteriores. No entanto, vejamos algumas situa\u00e7\u00f5es especiais.<\/p>\n\n\n\n<p><strong>Heads-up no flop<\/strong><\/p>\n\n\n\n<p><em>Preflop Aggressivo<\/em><\/p>\n\n\n\n<p>Como agressor pr\u00e9-flop devemos fazer uma continuation bet independentemente do flop e da nossa posi\u00e7\u00e3o. Quanto apostar \u00e9 uma quest\u00e3o de estilo de jogo; uma continuation bet normalmente ser\u00e1 de \u00bd a \u00be do pote.<\/p>\n\n\n\n<p><em>N\u00e3o \u00e9 o agressor, fora de posi\u00e7\u00e3o<\/em><\/p>\n\n\n\n<p>Se n\u00e3o tiv\u00e9ssemos compreendido a iniciativa pr\u00e9-flop (ou seja, apenas pagamos a aposta de outro jogador), ent\u00e3o, como regra, dever\u00edamos desistir de m\u00e3os fracas quando estivermos fora de posi\u00e7\u00e3o. Com m\u00e3os fortes podemos decidir se:<\/p>\n\n\n\n<ul class=\"wp-block-list\">\n<li>check\/call,<\/li>\n\n\n\n<li>check raise, ou<\/li>\n\n\n\n<li>aposte.<\/li>\n<\/ul>\n\n\n\n<p>Check\/call tem a vantagem de manter o pote pequeno e evitar um re-raise se a m\u00e3o n\u00e3o for forte o suficiente.<\/p>\n\n\n\n<p><em>N\u00e3o \u00e9 o agressor, em Posi\u00e7\u00e3o<\/em><\/p>\n\n\n\n<p>Se n\u00e3o formos o agressor mas em posi\u00e7\u00e3o, teremos consideravelmente mais oportunidades de jogar o nosso pr\u00f3prio jogo, mas normalmente, ainda assim dever\u00edamos desistir de uma m\u00e3o fraca.<br><br>Com m\u00e3os fortes, como flush draws e straight draws, \u00e9 uma boa ideia variar o jogo. Suponhamos que o agressor pr\u00e9-flop tenha feito uma continuation bet: temos agora as seguintes op\u00e7\u00f5es:<\/p>\n\n\n\n<ul class=\"wp-block-list\">\n<li>Podemos semi-blefar (aumentar), caso em que normalmente tamb\u00e9m dever\u00edamos apostar no turn se o nosso oponente der check.<\/li>\n\n\n\n<li>Tamb\u00e9m podemos simplesmente pagar no flop e esperar para ver a carta do turn. Se isso for \u00fatil, podemos apostar no turn ou aumentar a aposta do nosso oponente.<\/li>\n<\/ul>\n\n\n\n<p>Com m\u00e3os muito fortes como top pair\/top kicker ou melhor tamb\u00e9m temos v\u00e1rias op\u00e7\u00f5es:<\/p>\n\n\n\n<ul class=\"wp-block-list\">\n<li>Se o nosso advers\u00e1rio der check devemos sempre apostar, pela simples raz\u00e3o de que o pote ainda \u00e9 relativamente pequeno e queremos gerar um grande. Podemos fazer uma aposta de valor cl\u00e1ssica aqui.<\/li>\n\n\n\n<li>Se o nosso advers\u00e1rio fizer uma continuation bet no flop, devemos variar o nosso jogo: \u00e0s vezes daremos call, outras vezes responderemos com um raise.<\/li>\n<\/ul>\n\n\n\n<figure class=\"wp-block-image\"><img decoding=\"async\" src=\"https:\/\/pokerstarslearn.com\/wp-content\/uploads\/2021\/08\/Martin-Finger-PCA2015-LAPT-Monti-1148-copy-scaled.jpg\" alt=\"\"\/><\/figure>\n\n\n\n<p><strong>Multiway flops<\/strong><\/p>\n\n\n\n<p><em>Com a Iniciativa<\/em><\/p>\n\n\n\n<p>ISe n\u00e3o acertamos no flop, geralmente n\u00e3o faz muito sentido apostar se tivermos v\u00e1rios oponentes ativos. Isto se aplica ainda mais se estivermos fora de posi\u00e7\u00e3o.\n\nNo entanto, se tivermos uma m\u00e3o forte, devemos sempre apostar no flop. \u00c9 um grande erro arriscar que todos fa\u00e7am check quando estamos jogando uma m\u00e3o forte contra v\u00e1rios advers\u00e1rios. Isso d\u00e1 uma carta gr\u00e1tis, que pode no final dar ao oponente uma m\u00e3o melhor.<\/p>\n\n\n\n<p><em>Sem a Iniciativa<\/em><\/p>\n\n\n\n<p>Devemos sempre desistir de m\u00e3os fracas, especialmente quando jogamos contra v\u00e1rios advers\u00e1rios. Jogar com m\u00e3os como pares pequenos ou m\u00e9dios \u00e9 um erro comum para iniciantes. Boas m\u00e3os, por\u00e9m, devem ser protegidas contra draws por meio de apostas e aumentos.\n\nMuitas vezes, as m\u00e3os desenhadas podem ser jogadas muito bem contra v\u00e1rios oponentes. A raz\u00e3o para isto \u00e9 que as probabilidades do pote s\u00e3o melhores quando v\u00e1rios jogadores pagam, e possivelmente ganharemos mais fichas se acertarmos o nosso draw.<\/p>\n\n\n\n<p><em>Limp Hands<\/em><\/p>\n\n\n\n<p>Na fase inicial, apenas fazer call antes do flop \u00e9 bastante leg\u00edtimo.\n\nDa mesma forma, numa posi\u00e7\u00e3o inicial podemos pagar com uma variedade de m\u00e3os. Entre eles est\u00e3o pares pequenos e m\u00e9dios, conectores do mesmo naipe e at\u00e9 m\u00e3os como&nbsp;A\u2665&nbsp;Q\u2665&nbsp;ou&nbsp;K\u2666&nbsp;Q\u2666&nbsp;. Outra possibilidade \u00e9 dar call quando um ou mais jogadores j\u00e1 fizeram call antes de n\u00f3s. Dependendo da nossa posi\u00e7\u00e3o, podemos fazer isso com muitas m\u00e3os, especialmente quando estamos no bot\u00e3o e v\u00e1rios outros jogadores deram call, podemos fazer limp com praticamente qualquer carta.<\/p>\n\n\n\n<p>Se estivermos em posi\u00e7\u00e3o intermedi\u00e1ria ou final, os jogadores antes de n\u00f3s desistiram e decidirmos que queremos jogar a m\u00e3o, ent\u00e3o, como regra, devemos aumentar.\n\nEm potes de limp s\u00f3 devemos continuar jogando se o flop for extremamente bom para n\u00f3s. N\u00e3o vale a pena blefar nesses potes porque eles s\u00e3o muito pequenos e \u00e9 dif\u00edcil avaliar as m\u00e3os dos oponentes, j\u00e1 que o range de m\u00e3os de limp \u00e9 extremamente amplo.<\/p>\n\n\n\n<p>Os pares pequenos s\u00e3o especialmente adequados para fazer limp, se poss\u00edvel quando outros jogadores j\u00e1 est\u00e3o em jogo. No entanto, os pares pequenos devem sempre ser dobrados se n\u00e3o acertarmos as nossas trincas.<\/p>\n\n\n\n<p><strong>Turn e River<\/strong><\/p>\n\n\n\n<p>No turn, o pote costuma ser muito grande em rela\u00e7\u00e3o ao nosso stack efetivo restante.\n\n\u201cTamanho efetivo do stack\u201d \u00e9 o termo para o tamanho do stack do jogador com menos fichas ativo naquela m\u00e3o. Se, por exemplo, ainda restarem tr\u00eas jogadores na m\u00e3o e o jogador 1 tiver 1.000 fichas, o jogador 2 tiver 500 fichas e o jogador 3 tiver 200 fichas; o tamanho efetivo da pilha \u00e9 de 200 fichas.<\/p>\n\n\n\n<p>Regra: se o stack efetivo restante for do mesmo tamanho ou menor que o pote atual, \u00e9 (quase) sempre correto jogar all-in se quisermos apostar novamente.<\/p>\n\n\n\n<p><em>Quando o stack efetivo \u00e9 pequeno<\/em><\/p>\n\n\n\n<p>Com uma m\u00e3o forte devemos sempre apostar ou ir all-in. O objetivo \u00e9 ser pago pelas nossas boas m\u00e3os. Especialmente em torneios sempre veremos jogadores que jogam suas fichas descuidadamente e que tamb\u00e9m nos pagar\u00e3o se mostrarmos for\u00e7a. O objectivo \u00e9, claro, ganhar o m\u00e1ximo de fichas poss\u00edvel com as nossas boas m\u00e3os.\n\nCom uma m\u00e3o fraca devemos avaliar se queremos apostar tudo ou n\u00e3o. Este problema pode ser resolvido matematicamente:<\/p>\n\n\n\n<p>Supondo que o stack efetivo seja exatamente do mesmo tamanho do pote e tenhamos certeza de que n\u00e3o ganharemos o pote se recebermos call, nosso oponente deve desistir pelo menos metade das vezes para tornar o push lucrativo.<\/p>\n\n\n\n<p><em>Quando o stack efetivo \u00e9 muito grande<\/em><\/p>\n\n\n\n<p>Se o stack efetivo ainda for muito grande em rela\u00e7\u00e3o ao pote ent\u00e3o o jogo se torna muito mais complexo, principalmente se estivermos fora de posi\u00e7\u00e3o.<\/p>\n\n\n\n<ul class=\"wp-block-list\">\n<li>Em posi\u00e7\u00e3o: em alguns casos \u00e9 correto dar check at\u00e9 mesmo em m\u00e3os fortes, como overpairs, em boards descoordenados. A raz\u00e3o para isto \u00e9 simplesmente que n\u00e3o queremos tornar o pote demasiado grande e, assim, evitamos tomar uma decis\u00e3o dif\u00edcil se o nosso advers\u00e1rio aumentar.<\/li>\n<\/ul>\n\n\n\n<p>Em boards coordenadas faria menos sentido dar check porque se o nosso advers\u00e1rio tivesse um draw ele aceitaria a carta gr\u00e1tis imediatamente.<\/p>\n\n\n\n<ul class=\"wp-block-list\">\n<li>Fora de Posi\u00e7\u00e3o: muitas vezes devemos jogar com cuidado se o nosso oponente mostrar muita for\u00e7a, mesmo quando temos m\u00e3os fortes como top pair. Isto mant\u00e9m o pote pequeno, mas n\u00e3o impede o nosso advers\u00e1rio de continuar a blefar. A desvantagem \u00e9 que nosso oponente pode aproveitar a oportunidade para conseguir uma carta gr\u00e1tis, ou at\u00e9 mesmo acabar fazendo uma m\u00e3o melhor ap\u00f3s um blefe no turn (barato).<\/li>\n<\/ul>\n\n\n\n<p><strong>Multiway<\/strong><\/p>\n\n\n\n<p>Se houver v\u00e1rios advers\u00e1rios no pote, obviamente devemos jogar com mais cuidado. Draws com os quais pagamos no flop \u2013 mas que n\u00e3o acertaram \u2013 perder\u00e3o um valor consider\u00e1vel no turn porque apenas mais uma carta ser\u00e1 distribu\u00edda. Devemos desistir dos nossos draws no turn contra apostas que constituem uma percentagem substancial da nossa stack e do pote.\n\nDevemos continuar jogando m\u00e3os muito fortes, como sets e top two pair de forma agressiva.\n\nO principal aspecto de jogar nos est\u00e1gios iniciais dos torneios \u00e9 simplesmente ganhar fichas com m\u00e3os muito fortes e evitar situa\u00e7\u00f5es marginais tanto quanto poss\u00edvel. \u00c9 uma maratona, n\u00e3o uma corrida.<\/p>\n","protected":false},"excerpt":{"rendered":"<p>O Flop \u00e9 um momento decisivo no Hold&#8217;em e as decis\u00f5es realmente importantes s\u00e3o tomadas&#8230;<\/p>\n","protected":false},"author":1,"featured_media":0,"parent":0,"menu_order":0,"comment_status":"closed","ping_status":"closed","template":"","meta":{"footnotes":""},"class_list":["post-94","page","type-page","status-publish","hentry"],"aioseo_notices":[],"_links":{"self":[{"href":"https:\/\/universodopoker.com.br\/index.php\/wp-json\/wp\/v2\/pages\/94","targetHints":{"allow":["GET"]}}],"collection":[{"href":"https:\/\/universodopoker.com.br\/index.php\/wp-json\/wp\/v2\/pages"}],"about":[{"href":"https:\/\/universodopoker.com.br\/index.php\/wp-json\/wp\/v2\/types\/page"}],"author":[{"embeddable":true,"href":"https:\/\/universodopoker.com.br\/index.php\/wp-json\/wp\/v2\/users\/1"}],"replies":[{"embeddable":true,"href":"https:\/\/universodopoker.com.br\/index.php\/wp-json\/wp\/v2\/comments?post=94"}],"version-history":[{"count":1,"href":"https:\/\/universodopoker.com.br\/index.php\/wp-json\/wp\/v2\/pages\/94\/revisions"}],"predecessor-version":[{"id":97,"href":"https:\/\/universodopoker.com.br\/index.php\/wp-json\/wp\/v2\/pages\/94\/revisions\/97"}],"wp:attachment":[{"href":"https:\/\/universodopoker.com.br\/index.php\/wp-json\/wp\/v2\/media?parent=94"}],"curies":[{"name":"wp","href":"https:\/\/api.w.org\/{rel}","templated":true}]}}